 factors of 158333.
7, 22619
What are the prime factors of 3198334?
2, 23, 3023
List the prime factors of 503668.
2, 11, 11447
What are the prime factors of 1199818?
2, 23, 26083
List the prime factors of 12935397.
3, 239, 18041
List the prime factors of 353650.
2, 5, 11, 643
What are the prime factors of 12204585?
3, 5, 367, 739
List the prime factors of 173125.
5, 277
List the prime factors of 6630188.
2, 163, 10169
What are the prime factors of 291846?
2, 3, 127, 383
List the prime factors of 2788858.
2, 19, 79, 929
List the prime factors of 260871.
3, 13, 6689
List the prime factors of 3373274.
2, 1686637
List the prime factors of 751604.
2, 7, 17, 1579
What are the prime factors of 1405611?
3, 17, 9187
List the prime factors of 3326509.
17, 195677
List the prime factors of 7447758.
2, 3, 71, 17483
List the prime factors of 1517340.
2, 3, 5, 11, 19
What are the prime factors of 270119?
313, 863
List the prime factors of 4281351.
3, 1427117
What are the prime factors of 3067825?
5, 41, 73
What are the prime factors of 24148?
2, 6037
List the prime factors of 4785551.
17, 29, 571
What are the prime factors of 3275432?
2, 409429
List the prime factors of 269406.
2, 3, 1663
List the prime factors of 7226680.
2, 5, 180667
List the prime factors of 14316634.
2, 7158317
What are the prime factors of 154891?
11, 14081
List the prime factors of 137373.
3, 29, 1579
List the prime factors of 6958278.
2, 3, 128857
What are the prime factors of 1005340?
2, 5, 7, 43, 167
What are the prime factors of 178612?
2, 7, 6379
List the prime factors of 588296.
2, 151, 487
What are the prime factors of 1578248?
2, 7, 28183
What are the prime factors of 54216?
2, 3, 251
What are the prime factors of 13537?
13537
List the prime factors of 1329948.
2, 3, 36943
List the prime factors of 3705287.
3705287
What are the prime factors of 85299?
3, 28433
List the prime factors of 1115227.
1115227
List the prime factors of 3805469.
3805469
List the prime factors of 3706242.
2, 3, 617707
What are the prime factors of 271354?
2, 17, 23, 347
What are the prime factors of 8140573?
7, 127, 9157
What are the prime factors of 1709370?
2, 3, 5, 13, 487
List the prime factors of 297209.
11, 41, 659
What are the prime factors of 1139164?
2, 13, 19, 1153
List the prime factors of 2285208.
2, 3, 17, 1867
List the prime factors of 25151128.
2, 73, 43067
List the prime factors of 856742.
2, 127, 3373
List the prime factors of 1508290.
2, 5, 7, 29, 743
List the prime factors of 148433.
151, 983
What are the prime factors of 23171598?
2, 3, 211, 6101
List the prime factors of 16039276.
2, 11, 31, 1069
List the prime factors of 238783.
73, 3271
List the prime factors of 1045571.
1045571
What are the prime factors of 751640?
2, 5, 19, 23, 43
List the prime factors of 139370.
2, 5, 7, 11, 181
List the prime factors of 568712.
2, 71089
List the prime factors of 177769.
17, 10457
List the prime factors of 381740.
2, 5, 19087
List the prime factors of 169987.
169987
What are the prime factors of 237491?
31, 47, 163
What are the prime factors of 916848?
2, 3, 6367
List the prime factors of 25838578.
2, 59, 218971
What are the prime factors of 129094?
2, 7, 9221
What are the prime factors of 5529794?
2, 17, 162641
What are the prime factors of 375972?
2, 3, 17, 19, 97
List the prime factors of 235847.
19, 12413
What are the prime factors of 119168?
2, 7, 19
What are the prime factors of 21865150?
2, 5, 37, 53, 223
What are the prime factors of 7089677?
7, 1012811
What are the prime factors of 11335404?
2, 3, 29, 32573
List the prime factors of 211945.
5, 19, 23, 97
What are the prime factors of 2168617?
11, 197147
List the prime factors of 2117404.
2, 41, 12911
What are the prime factors of 19778002?
2, 1583, 6247
What are the prime factors of 1576136?
2, 271, 727
What are the prime factors of 2374924?
2, 19, 31249
What are the prime factors of 441144?
2, 3, 11, 557
What are the prime factors of 1399544?
2, 174943
What are the prime factors of 1142309?
7, 53, 3079
What are the prime factors of 1249442?
2, 624721
What are the prime factors of 10746405?
3, 5, 23, 3461
List the prime factors of 2234406.
2, 3, 372401
List the prime factors of 355252.
2, 88813
What are the prime factors of 6342543?
3, 43, 607
List the prime factors of 239286.
2, 3, 19, 2099
What are the prime factors of 1175030?
2, 5, 117503
What are the prime factors of 20479768?
2, 233, 10987
What are the prime factors of 1367962?
2, 19, 35999
List the prime factors of 958536.
2, 3, 13313
List the prime factors of 413904.
2, 3, 8623
List the prime factors of 721166.
2, 113, 3191
List the prime factors of 5111990.
2, 5, 13, 39323
What are the prime factors of 2901191?
2901191
What are the prime factors of 897892?
2, 224473
List the prime factors of 7254350.
2, 5, 29, 5003
List the prime factors of 156830.
2, 5, 15683
What are the prime factors of 2618462?
2, 7, 11, 347
List the prime factors of 1100584.
2, 137573
List the prime factors of 12312886.
2, 6156443
List the prime factors of 61686.
2, 3, 23, 149
List the prime factors of 85353.
3, 23, 1237
What are the prime factors of 125372?
2, 13, 2411
List the prime factors of 1011450.
2, 3, 5, 11, 613
What are the prime factors of 1119744?
2, 3
What are the prime factors of 389085?
3, 5, 25939
What are the prime factors of 9096554?
2, 19, 239383
List the prime factors of 486394.
2, 243197
List the prime factors of 7221166.
2, 41, 83, 1061
What are the prime factors of 243610?
2, 5, 17, 1433
List the prime factors of 27983241.
3, 11, 13, 17, 1279
List the prime factors of 1645535.
5, 23, 41, 349
List the prime factors of 1863467.
97, 19211
What are the prime factors of 8900114?
2, 4450057
List the prime factors of 256180.
2, 5, 12809
What are the prime factors of 81622?
2, 37, 1103
What are the prime factors of 107067?
3, 89, 401
List the prime factors of 6036394.
2, 7, 13, 17, 1951
List the prime factors of 6365146.
2, 3182573
List the prime factors of 16889419.
3203, 5273
What are the prime factors of 14468315?
5, 67, 43189
What are the prime factors of 244154?
2, 17, 43, 167
List the prime factors of 89228.
2, 22307
What are the prime factors of 492070?
2, 5, 49207
List the prime factors of 162440.
2, 5, 31, 131
What are the prime factors of 3874620?
2, 3, 5, 64577
List the prime factors of 85165.
5, 17033
List the prime factors of 2633934.
2, 3, 438989
What are the prime factors of 20041081?
20041081
What are the prime factors of 1250151?
3, 7, 59, 1009
What are the prime factors of 327197?
13, 25169
What are the prime factors of 885540?
2, 3, 5, 14759
What are the prime factors of 122598?
2, 3, 7, 139
What are the prime factors of 2836537?
11, 257867
List the prime factors of 11712624.
2, 3, 7, 11, 3169
What are the prime factors of 721522?
2, 367, 983
List the prime factors of 2159894.
2, 11, 31, 3167
What are the prime factors of 2090525?
5, 83621
What are the prime factors of 1980463?
83, 107, 223
What are the prime factors of 16622680?
2, 5, 415567
List the prime factors of 4783.
4783
List the prime factors of 3206430.
2, 3, 5, 23, 1549
What are the prime factors of 26454281?
7, 3779183
What are the prime factors of 2542587?
3, 229, 3701
List the prime factors of 364965.
3, 5, 29, 839
What are the prime factors of 6954602?
2, 23, 31, 4877
List the prime factors of 3264885.
3, 5, 13, 5581
List the prime factors of 238737.
3, 79579
What are the prime factors of 38281?
38281
List the prime factors of 2607726.
2, 3, 11, 39511
What are the prime factors of 836896?
2, 26153
List the prime factors of 366693.
3, 122231
What are the prime factors of 3507?
3, 7, 167
What are the prime factors of 1101623?
29, 37987
List the prime factors of 82448.
2, 5153
What are the prime factors of 395293?
395293
What are the prime factors of 4200794?
2, 13, 161569
What are the prime factors of 5188378?
2, 13, 431, 463
List the prime factors of 497029.
13, 17, 173
List the prime factors of 7968414.
2, 3, 79, 16811
List the prime factors of 41396203.
41396203
What are the prime factors of 7189387?
311, 23117
List the prime factors of 795076.
2, 198769
List the prime factors of 233747.
233747
List the prime factors of 1458516.
2, 3, 19, 6397
List the prime factors of 1372790.
2, 5, 137279
What are t